(p) = p + 7. Suppose 2*x + 3 + 7 = 0, 0 = c - 2*x - 3. Let s be w(c). What is the units digit of (-2)/(-2) - (-4 - s)?
5
What is the units digit of (248/12 + -3)*3?
3
Suppose -x = -3*x + 140. What is the units digit of x?
0
Suppose -5*c + 5 = k, 0*c + 121 = 5*k + c. Suppose -2*q - 3*q + k = 0. What is the units digit of q?
5
Suppose 5 = -l - 2*s, -7*s - 15 = -4*s. Let n(b) = 3*b - 8. What is the units digit of n(l)?
7
Suppose 2*x = -2*z + 82, 2*z + z - 3*x = 99. What is the units digit of z?
7
Let u(n) = n**2 + 5*n - 7. Suppose 3*l + 9 = -9. Let m be u(l). What is the units digit of (1 + (0 - 2))/m?
1
Let z = -20 - -115. What is the tens digit of z?
9
Let l(s) = s**3 - 3*s**2 - 4*s - 3. Let n be l(5). Suppose -2*f - x - n = 7, 0 = -3*f - 3*x - 57. What is the tens digit of (-265)/f - (-2)/6?
1
Let y = -45 + 71. What is the tens digit of y?
2
Let y = -31 - -43. Let t = 7 + -4. Suppose -t*n - n = -y. What is the units digit of n?
3
Let l(u) = -1. Let o(k) be the third derivative of -k**5/60 + k**4/24 + 3*k**3/2 + k**2. Let n(v) = -5*l(v) - o(v). What is the units digit of n(4)?
8
Suppose -2*v = 3*v, -4*v - 60 = -5*u. What is the units digit of u?
2
Let d = -20 - -13. Let i = 7 + d. Suppose 3*r + 3*u = 7 - 1, i = 5*r + u - 10. What is the units digit of r?
2
Let i(y) = -3*y**3 - 26*y**2 - 8*y + 23. Let a(c) = c**3 + 9*c**2 + 3*c - 8. Let s(k) = 17*a(k) + 6*i(k). What is the units digit of s(-4)?
6
Let t be ((-384)/40)/((-2)/10). Suppose i + 3*i = t. What is the tens digit of i?
1
Let z(o) = 2*o**2 + 3*o. What is the units digit of z(-3)?
9
Let l(o) = 2*o + 16*o**2 - o - 2*o**2. What is the tens digit of l(-1)?
1
Let g(f) = 2*f. Let j be g(0). What is the units digit of ((-12)/8 - j)*-2?
3
Suppose -f - v - 59 = -4*f, -3*f + 5*v = -67. What is the units digit of f?
9
Let r = -1 + 1. Suppose -8*i + 3*i + 65 = r. What is the tens digit of i?
1
Let t(c) = 0 + 0*c**2 + 2 + 3*c**2. Let o be t(2). What is the tens digit of -2 - (4 - 2 - o)?
1
Suppose 0 = -3*i + 2*i + 4*p + 2, -2*i + 17 = 5*p. Suppose -b + i = -4. What is the tens digit of (-30)/3*(-12)/b?
1
Suppose -5*j + 8 = -j. Suppose 3*a = 5*a + j*d + 10, 4*a = 4*d + 20. Suppose -3*i + 25 = n - 3*n, i - 4*n + 5 = a. What is the units digit of i?
1
Let x = -18 + 34. What is the tens digit of x?
1
Let k = -140 + 148. What is the units digit of k?
8
Suppose 5*g - t - 16 = -2*t, -4*g = 4*t. Let a(y) = -y**3 + 5*y**2 - 3*y + 4. Let d be a(g). Suppose -4*b - 4 = -d. What is the units digit of b?
1
Suppose 5*v = b + 55, 0 = 6*v - v - 3*b - 45. What is the tens digit of v?
1
Let j(l) = 7*l - 1. Let z be 2/10 + (-70)/(-25). What is the units digit of j(z)?
0
Let a(s) = -s**3 + 5*s**2 - s + 7. Let b be a(5). Suppose b*r - 12 = -2. Suppose r*c = -12 + 42. What is the units digit of c?
6
Let m = -29 - -36. Let n(a) = a. Let s be n(4). Suppose -s*t = -3*x - 0*x + 4, 0 = -x + 3*t - m. What is the units digit of x?
8
Let g = 43 - 19. Let z = g + -8. What is the tens digit of z?
1
What is the tens digit of 2/(2 - (-500)/(-255))?
5
Let p(k) = k**2 - 3*k - 10. Let i(f) = 7*f**3 + f - 1. Let v be i(1). What is the units digit of p(v)?
8
Let y(a) = a**3 - 4*a**2 + 5*a - 2. Let o be y(3). Suppose -39 - 21 = -o*w. What is the tens digit of w?
1
Let u(h) = 4*h + 4 - 3*h - 12. Let y be u(11). Suppose 0 = 2*i - y*i + 22. What is the units digit of i?
2
Suppose 0 = 5*p - 28 + 8. Let z be (-35)/2*(-8)/10. Suppose -g - 3*c = -8, -g - z = -p*g - 4*c. What is the units digit of g?
2
Let u = 214 + -123. What is the tens digit of u?
9
What is the units digit of 188/6 - 14/42?
1
Suppose 3*j = -4 + 19. Let u = -2 + j. Let y = u - 0. What is the units digit of y?
3
Let l(y) = -y**3 + 5*y**2 + 7*y - 1. Let d be l(6). Suppose -2*a - 4*r = 10, 4*r = -a + d*a - 28. Suppose -a*m = -0*m - 36. What is the tens digit of m?
1
Suppose -5*p - l + 20 = 2*l, l - 5 = 0. What is the units digit of p?
1
Let k = 3 - 2. Let t = -1 + k. Suppose t = 3*c - 18 + 3. What is the units digit of c?
5
Let l = -28 + 18. What is the tens digit of (0 + -1)*(-12 + l)?
2
Suppose -2*q + 28 = 2*q + 4*p, 4*p + 20 = 2*q. What is the units digit of q?
8
Let s = 561 - 250. What is the units digit of s?
1
Let h(i) = i - 1. Let t(a) = 2*a - 2. Let l(z) = 5*h(z) - 2*t(z). What is the units digit of l(9)?
8
Let l = 54 + -26. What is the units digit of l?
8
Suppose 0*v = 5*m + 4*v - 1208, -952 = -4*m + 4*v. What is the units digit of m?
0
Let w(l) = 38*l**2 + l + 1. Let k be ((-4)/(-8) - 0)*-2. What is the tens digit of w(k)?
3
Let b be (-1 - 2)*12/(-9). Suppose -2 = -j + b*v, -j + 5*j + v = 8. Suppose -5*f = 3*t - 15, -8 + 31 = j*t - f. What is the tens digit of t?
1
Suppose 15 = -5*b - 30. What is the units digit of ((-88)/6)/(6/b)?
2
Suppose 4*q - 4 = -2*a, -q + 7 = -a + 3*a. Let g = q - -4. Suppose -5*f + 3 = -g*h, -5 - 3 = -2*h. What is the units digit of f?
3
Suppose 0 = -y - 2*y + 231. What is the units digit of y?
7
Let s(g) = -25*g - 79. What is the tens digit of s(-13)?
4
Let y(w) = 6 + 5*w - 6*w - 3. What is the tens digit of y(-7)?
1
What is the tens digit of ((-10)/(-6))/(5/30)?
1
Let t(a) = -a**3 + 3*a**2 + 6*a - 4. Let z be t(4). Suppose 2 = -5*i + 3*i, 2*p - 3*i = 9. Let s = z - p. What is the units digit of s?
1
Let r be ((-3)/5)/((-2)/70). Suppose -3*u + d = -2*u - 9, 0 = 2*u - 3*d - r. What is the units digit of u?
6
Let p = -159 + 285. Let t = p - 73. What is the units digit of t?
3
Let s be (-13)/(-2) + 2/4. Suppose -10 = -7*h + 2*h. Suppose -h = 5*f - s. What is the units digit of f?
1
Let z(t) = -5*t**2 + 1. Let k be z(1). Let q(w) = 3*w**2 + 5*w + 2. What is the tens digit of q(k)?
3
Let k = 2 - 4. Let f = k + 17. What is the units digit of f?
5
Suppose 0*v = -3*v + 216. What is the units digit of v?
2
Suppose 5*o + 20 = 3*o + 4*x, 2*o - 3*x + 24 = 0. Let u = 33 + o. Suppose -3*i - 15 = -2*s + 11, u = 5*s + 5*i. What is the units digit of s?
7
What is the tens digit of (-282)/(-10) + 5/(-25)?
2
Suppose 35 = 4*d - g + 6*g, 14 = 4*d - 2*g. Suppose -60 = -2*r + 3*z, 0 = -d*r + 2*z + 133 + 17. What is the units digit of r?
0
Let h = -1 + -1. What is the units digit of (-4 + 6)/h*-8?
8
Suppose -8 = -4*u + 16. Let x(w) = -w - 1. Let b be x(-2). Let j = b + u. What is the units digit of j?
7
What is the tens digit of 43/4 - (-36)/(-48)?
1
Let o(s) be the second derivative of s**4/12 - 5*s**3/6 - 2*s**2 + 3*s. What is the units digit of o(6)?
2
Let s be ((-12)/(-2))/(4/142). Suppose 0 = -2*c - 10, -5*i - 4*c + 7 = -s. Suppose i = 5*t + 2*v, 3*t - 1 = 3*v + 11. What is the units digit of t?
8
Let o(z) = 4*z + 2. Let l(g) = -3*g - 2. Let v(w) = -5*l(w) - 4*o(w). Let h be -2 - 2*10/4. What is the units digit of v(h)?
9
Let n(c) be the third derivative of c**5/15 - c**4/24 - c**3/3 + 3*c**2. Let o be n(2). Let q = -3 + o. What is the units digit of q?
9
Let p be 0/(-3 - (-1)/1). Suppose -3*c - 3*j + 48 = -p*c, 2*j = 2*c - 36. What is the tens digit of c?
1
Let v(l) = 2*l**3 - 3*l**2 + 2*l. What is the tens digit of v(3)?
3
Let n(w) = -w**2 - 8*w + 2. Let q be n(-5). What is the units digit of q + 2 - (3 - 6)?
2
Suppose -19*x + 20*x - 31 = 0. What is the units digit of x?
1
Let b(q) = q**2 - 3*q - 2. Let h be b(4). Let d be -1 + -2*(-1)/h. What is the units digit of (d + 3 - -1) + 1?
5
Suppose 3*a - 30 = a. What is the units digit of a?
5
Suppose -2*b = -3 + 1. Let h = b + 0. What is the units digit of h?
1
Let s(o) = -o**2 - 9*o + 1. Let p be s(-9). Let x be 0/p + -2 + 1. What is the units digit of (2 - x)/1 + -2?
1
Suppose -3*i = 26 + 13. Let f = i - -32. What is the tens digit of f?
1
Let y(j) = -j + 3. Let m be (-26)/7 - (-6)/(-21). Let n be y(m). Let c = -2 + n. What is the units digit of c?
5
Let m be (-3)/(-9) - (-23)/3. Let c(t) = t + 9. Let h(r) = 1. Let o(x) = c(x) - 4*h(x). What is the tens digit of o(m)?
1
Let v(q) = 5*q**3 - 60*q**2 - 40*q + 11. Let t(h) = h**3 - 15*h**2 - 10*h + 3. Let x(a) = -9*t(a) + 2*v(a). What is the units digit of x(-14)?
1
Let p be -3 - (1 - (-3 + 4)). Let n(q) = -q**3 + q**2 + q - 4. What is the units digit of n(p)?
9
Let z(o) be the first derivative of 5*o**2/2 - 2*o - 8. Suppose -4*n + 8 = -2*h - 2*h, 0 = 5*h. What is the units digit of z(n)?
8
Let v(r) = 0 + 1 + 2*r**3 + 7*r**2 - 6*r - 3*r**3. Let n be v(6). What is the